?
13
Calculate the remainder when 53397 is divided by 188.
5
Calculate the remainder when 1979 is divided by 169.
120
Calculate the remainder when 5331 is divided by 1775.
6
Calculate the remainder when 1170 is divided by 200.
170
What is the remainder when 42398 is divided by 6?
2
What is the remainder when 17563 is divided by 2353?
1092
Calculate the remainder when 221714 is divided by 72.
26
Calculate the remainder when 31545 is divided by 674.
541
What is the remainder when 51517 is divided by 6436?
29
What is the remainder when 1401175 is divided by 460?
15
Calculate the remainder when 362359 is divided by 22.
19
Calculate the remainder when 2884 is divided by 90.
4
Calculate the remainder when 33364 is divided by 1195.
1099
What is the remainder when 29408 is divided by 38?
34
What is the remainder when 11334 is divided by 1028?
26
What is the remainder when 653449 is divided by 6344?
17
Calculate the remainder when 438746 is divided by 31339.
0
What is the remainder when 12269 is divided by 3058?
37
Calculate the remainder when 301923 is divided by 226.
213
Calculate the remainder when 1026 is divided by 147.
144
What is the remainder when 129472 is divided by 18?
16
Calculate the remainder when 103674 is divided by 67.
25
Calculate the remainder when 5230 is divided by 44.
38
What is the remainder when 204205 is divided by 429?
1
What is the remainder when 61535 is divided by 58?
55
What is the remainder when 11955 is divided by 225?
30
What is the remainder when 3485 is divided by 972?
569
What is the remainder when 142480 is divided by 59?
54
Calculate the remainder when 4563 is divided by 126.
27
What is the remainder when 111 is divided by 106?
5
What is the remainder when 5805 is divided by 2302?
1201
What is the remainder when 385076 is divided by 9168?
20
What is the remainder when 82525 is divided by 27434?
223
What is the remainder when 10720 is divided by 49?
38
What is the remainder when 4226 is divided by 590?
96
What is the remainder when 510 is divided by 20?
10
Calculate the remainder when 110579 is divided by 285.
284
What is the remainder when 59546 is divided by 259?
235
Calculate the remainder when 33805 is divided by 2.
1
Calculate the remainder when 2007259 is divided by 1648.
1643
What is the remainder when 379771 is divided by 258?
253
What is the remainder when 172918 is divided by 5?
3
Calculate the remainder when 958269 is divided by 448.
445
What is the remainder when 1778 is divided by 246?
56
What is the remainder when 39759 is divided by 1529?
5
Calculate the remainder when 8865 is divided by 111.
96
What is the remainder when 21285 is divided by 90?
45
What is the remainder when 3284 is divided by 189?
71
Calculate the remainder when 506540 is divided by 20.
0
Calculate the remainder when 4841 is divided by 1192.
73
Calculate the remainder when 16394 is divided by 65.
14
What is the remainder when 444 is divided by 111?
0
What is the remainder when 7320 is divided by 67?
17
What is the remainder when 17860 is divided by 167?
158
Calculate the remainder when 85683 is divided by 153.
3
What is the remainder when 3141 is divided by 2467?
674
Calculate the remainder when 4758 is divided by 129.
114
What is the remainder when 5452 is divided by 14?
6
What is the remainder when 3071 is divided by 12?
11
What is the remainder when 159951 is divided by 2908?
11
What is the remainder when 1013 is divided by 26?
25
Calculate the remainder when 53877 is divided by 40.
37
Calculate the remainder when 20433 is divided by 6804.
21
What is the remainder when 441057 is divided by 95?
67
What is the remainder when 28914 is divided by 459?
456
Calculate the remainder when 101970 is divided by 25491.
6
What is the remainder when 68 is divided by 20?
8
Calculate the remainder when 103791 is divided by 120.
111
Calculate the remainder when 368640 is divided by 73721.
35
What is the remainder when 2530 is divided by 253?
0
What is the remainder when 267028 is divided by 45?
43
What is the remainder when 44971 is divided by 485?
351
Calculate the remainder when 103240 is divided by 1340.
60
What is the remainder when 349592 is divided by 74?
16
Calculate the remainder when 3667 is divided by 516.
55
What is the remainder when 38916 is divided by 26?
20
What is the remainder when 413275 is divided by 341?
324
What is the remainder when 27848 is divided by 1989?
2
What is the remainder when 21076 is divided by 10516?
44
Calculate the remainder when 158594 is divided by 11.
7
What is the remainder when 1108947 is divided by 803?
4
What is the remainder when 724167 is divided by 5?
2
What is the remainder when 3684 is divided by 1672?
340
Calculate the remainder when 11352 is divided by 578.
370
What is the remainder when 3402 is divided by 1071?
189
What is the remainder when 125704 is divided by 41900?
4
What is the remainder when 8796 is divided by 44?
40
Calculate the remainder when 45288 is divided by 11320.
8
What is the remainder when 1721 is divided by 15?
11
What is the remainder when 82476 is divided by 4333?
149
Calculate the remainder when 1158 is divided by 79.
52
Calculate the remainder when 9498 is divided by 4743.
12
What is the remainder when 10841 is divided by 3?
2
What is the remainder when 2084 is divided by 59?
19
Calculate the remainder when 1957 is divided by 34.
19
Calculate the remainder when 78 is divided by 8.
6
What is the remainder when 16371 is divided by 16326?
45
Calculate the remainder when 150541 is divided by 66.
61
Calculate the remainder when 959 is divided by 472.
15
What is the remainder when 116609 is divided by 21?
17
What is the remainder when 63086 is divided by 10514?
2
Calculate the remainder when 3469 is divided by 863.
17
Calculate the remainder when 3156 is divided by 14.
6
What is the remainder when 32558 is divided by 329?
316
Calculate the remainder when 73001 is divided by 12157.
59
Calculate the remainder when 983 is divided by 305.
68
What is the remainder when 4814 is divided by 126?
26
What is the remainder when 5372 is divided by 2286?
800
What is the remainder when 1800143 is divided by 486?
485
Calculate the remainder when 20041 is divided by 20032.
9
What is the remainder when 4285 is divided by 172?
157
Calculate the remainder when 35349 is divided by 23.
21
What is the remainder when 4569 is divided by 394?
235
What is the remainder when 1545 is divided by 574?
397
What is the remainder when 4475591 is divided by 18?
17
What is the remainder when 1498 is divided by 1351?
147
What is the remainder when 8657 is divided by 5?
2
Calculate the remainder when 113081 is divided by 5.
1
What is the remainder when 23000 is divided by 639?
635
Calculate the remainder when 1329 is divided by 9.
6
Calculate the remainder when 20771 is divided by 17.
14
Calculate the remainder when 12037 is divided by 2361.
232
Calculate the remainder when 992081 is divided by 81.
74
What is the remainder when 59997 is divided by 18?
3
Calculate the remainder when 724997 is divided by 17.
15
What is the remainder when 53076 is divided by 1515?
51
Calculate the remainder when 34826 is divided by 34.
10
What is the remainder when 778816 is divided by 259604?
4
Calculate the remainder when 23229 is divided by 484.
481
What is the remainder when 107818 is divided by 263?
251
Calculate the remainder when 21685 is divided by 58.
51
What is the remainder when 29755 is divided by 60?
55
Calculate the remainder when 2971 is divided by 101.
42
Calculate the remainder when 10082 is divided by 112.
2
Calculate the remainder when 4808 is divided by 52.
24
What is the remainder when 25070 is divided by 21?
17
Calculate the remainder when 124319 is divided by 140.
139
Calculate the remainder when 8398 is divided by 189.
82
What is the remainder when 836926 is divided by 16?
14
Calculate the remainder when 62812 is divided by 10.
2
Calculate the remainder when 77403 is divided by 35.
18
Calculate the remainder when 24604 is divided by 547.
536
What is the remainder when 4619 is divided by 461?
9
Calculate the remainder when 374 is divided by 6.
2
Calculate the remainder when 4130 is divided by 167.
122
What is the remainder when 2003778 is divided by 20?
18
Calculate the remainder when 16834 is divided by 1119